2544 = d*q + 4*f - 736. What is the hundreds digit of q?
8
Suppose 381604 = 6*n - 166740 + 171640. What is the ten thousands digit of n?
6
Suppose 215*i + 3693 = 218*i. Let z = 1825 - i. What is the units digit of z?
4
Suppose -2248 = -s - 4*i, -44*s + 6659 = -41*s - 5*i. Suppose 5*y = 3*r + 5265 + s, -1496 = -y - 2*r. What is the thousands digit of y?
1
Let x be (-13)/(-4) - 2/8. Let s = 1351 - 1336. Suppose x*n - 2*m + 4 = 24, 0 = 3*m - s. What is the units digit of n?
0
Let y(f) = -163*f - 3. Let h be y(-2). Let l = 12 + h. What is the tens digit of l?
3
Let n = -27553 + 47287. What is the ten thousands digit of n?
1
What is the thousands digit of 8/(-148) + (-14661528)/(-1036)?
4
Suppose 134992 = 4*q - 4*k, -6164 - 27574 = -q - k. What is the thousands digit of q?
3
Let g(u) = -u**3 + 31*u**2 - 29*u - 14. Let m be g(30). Suppose m*b - 2976 = 8*b. What is the units digit of b?
2
What is the ten thousands digit of 15531/((4 + 6)/10)?
1
Let x(h) = 58*h - 8. Suppose -7 = 4*d - 5*d. Suppose 3*a - 2 = 2*w, -d*w - 4 = -4*a - 5*w. What is the tens digit of x(a)?
0
Let n be -45 + -1 + 5 + -3. What is the hundreds digit of ((-189)/28 + -3)/(1/n)?
4
Suppose 6*k + 1 = 7*k, -2*k = -3*a - 20. Let n be ((-20)/6)/(a/198). Let x = 265 - n. What is the tens digit of x?
5
Suppose -3*l = 67 - 58. Let v(o) = -20*o**3 - o**2 + o + 21. What is the hundreds digit of v(l)?
5
Let m(w) = 552*w + 429. What is the units digit of m(16)?
1
Suppose 27*k + 3848 = 28*k - t, 5*k - 3*t = 19234. What is the tens digit of k?
4
Suppose -4*a = -2*a - 6. Suppose -3*m - a*p + 39 = -6*m, 0 = 3*m - 4*p + 43. Let r(b) = 2*b**2 - 4*b + 12. What is the units digit of r(m)?
0
Suppose 3*r + 5*t + 9485 = 0, -2*t = r - t + 3159. What is the units digit of r/(-25) - (-20)/25?
7
Let x(t) = -2*t**3 - 2*t**2 + 2*t + 4. Let j be x(3). Let a = 5748 + -5682. Let i = a + j. What is the units digit of i?
4
Suppose 8*v - 5*v = -5*h + 3691, -3651 = -3*v + 3*h. What is the tens digit of v?
2
Let x(s) be the third derivative of s**5/60 + 3*s**4/8 + s**3/2 - 2*s**2. Suppose 15 = 3*b, 26*n = 28*n - 3*b + 39. What is the tens digit of x(n)?
3
Let k(o) = -85*o - 28. Let b be k(-6). Let i = -249 + b. What is the units digit of i?
3
What is the tens digit of (33082/(-357))/((-6)/360*(-2)/(-10))?
0
Let l = -2130 + 2135. Let o = 622 - 356. Suppose 149 = l*m - o. What is the units digit of m?
3
Let c = -1897 - -11728. What is the hundreds digit of c/75 - (-56)/(-700)?
1
Let u(i) = -26*i**2 + 12 - 28*i**2 + 77*i**2 - 15*i - 21*i**2. What is the units digit of u(-13)?
5
Suppose 0 = j, 4*t + 3*j = -458 + 1270. What is the hundreds digit of 4546/14 - (-58)/t?
3
Let m(j) = 4*j**3 - 12*j**2 + 9*j + 3. Let r be m(4). Suppose 2*s - r = 83. What is the tens digit of s?
9
Let z = -2732 + 22180. What is the thousands digit of z?
9
Let w(p) = -p**3 - 48*p**2 + 302*p - 33. What is the tens digit of w(-54)?
5
Let x = -8 + 10. Let y be ((-40)/(-25)*-2)/(2/(-120)). Suppose -5*l - y = -3*q, x*q + 2*l = 3*q - 64. What is the units digit of q?
4
What is the units digit of (20 + -8 - -127) + 8?
7
Suppose 150239 + 13911 = 14*t. What is the tens digit of t?
2
What is the tens digit of (-1233403)/(-3592) + 5/8?
4
Let o = 2388 - -33143. What is the ten thousands digit of o?
3
Let y(r) = -37*r - 2494. What is the hundreds digit of y(-85)?
6
Let u(q) = -4*q**2 - 19*q - 51. Let w(r) = -2*r**2 - 9*r - 26. Let f(c) = 2*u(c) - 5*w(c). What is the hundreds digit of f(13)?
4
Suppose -8 = -2*p - 2. What is the units digit of p*14/(-21) + 607?
5
Let y be (-15)/(-40) + (-1935)/(-24). Let m = y - 57. Let p = 10 + m. What is the tens digit of p?
3
Let j = -62 - -62. Suppose o = -4*x + 1165, 1254 = 5*o + 4*x - 4619. Suppose j = 10*t - o - 1123. What is the units digit of t?
0
Let w be (-4)/3*(-4)/(-16)*-15. Let q(n) = 55*n + 70. Let x(a) = -11*a - 14. Let o(c) = -2*q(c) - 11*x(c). What is the tens digit of o(w)?
6
Let w(g) = 11*g**2 + 15 + 4*g**3 - 2*g**3 + g - g**3. Let b(o) = -36*o + 25. Let t be b(1). What is the units digit of w(t)?
4
Let g be 2/6 - (-8)/(-6). Let f be (g/(-2))/(13/260). What is the tens digit of (-20)/(-50) + 236/f?
2
Let c = 81 + -161. Let z = 97 + c. Suppose 18*n - z*n - 215 = 0. What is the hundreds digit of n?
2
Let q be 5 + -1 + (-2 - 0). Suppose -5*y + 947 + 3093 = n, -3*y + q*n = -2411. What is the hundreds digit of y?
8
Let f(x) = -x**3 + 7*x**2 - 6*x - 5. Let r be f(6). Suppose 4*n - 17 = -5*z - 0, n - 4*z - 20 = 0. What is the units digit of -4 + n + r - -94?
3
Suppose -10*i = -5*i. Suppose i = 2*f + 2*h - 1544, -3*f + 2276 = -6*h + h. What is the units digit of f?
7
What is the hundreds digit of 2 + (-2569)/(-1) + -6 + 1 + -1?
5
Suppose 5*i + 5*o = 1380, -861 - 208 = -4*i + 3*o. Suppose 0 = -i*l + 259*l + 10272. What is the tens digit of l?
5
Suppose 0 = -k + 4*p - 9*p + 61, k - 4*p = 106. Let l = k + -62. What is the units digit of l?
4
Let l(y) = 4*y - 17. Let f be l(6). Let g(z) = -163*z**2 + 17*z - 4. Let r be g(f). What is the hundreds digit of 3/5 + r/(-30)?
2
Let f(d) = 69*d + 12. Let o(h) = -h**3 + 5*h**2 - 3*h + 11. Let r be o(5). Let y be f(r). Let a = y - -371. What is the tens digit of a?
0
Suppose 19*r - 130537 = -5*u + 266136, 0 = -4*r - 3*u + 83514. What is the ten thousands digit of r?
2
Let g(r) = -r**2 - 36*r + 13858. What is the thousands digit of g(0)?
3
Let i(k) = -k**3 + 2*k**2 + 324. Let m be i(0). Suppose 3*a - 127 - 194 = -p, p = -4*a + m. What is the units digit of p?
2
Suppose 475 = g - 3*o, -3*o + 0*o = 6. Suppose -2*z + g + 647 = -5*j, 5*z + 5*j = 2790. What is the tens digit of z?
5
Suppose -3*h + 3*m = 7*m - 49266, 4*m - 32852 = -2*h. What is the units digit of h?
4
Let y = 71 - 65. Let b be (4/y)/((-1)/(-3)). What is the units digit of (-5 - -4)/(b/(-12)*1)?
6
Let t be 21/(-35) + -149*2/(-5). Let k be (3 - (-3 + t - 2)) + 2. Let d = k + 70. What is the tens digit of d?
2
Let z = -11335 - -16222. What is the thousands digit of z?
4
What is the tens digit of (-13060)/12*(8 + -7 + -4)?
6
Let k be 4*3/(-12)*953. Let f = 1737 + k. What is the hundreds digit of f?
7
What is the tens digit of ((-30928)/24)/((-6)/27)?
9
Suppose -380911 - 66811 = -94*f. What is the thousands digit of f?
4
What is the units digit of 6/8 - (6 + 192731/(-28))?
8
What is the thousands digit of (-2507320)/(-96) + 11 + 11/132?
6
Suppose 35 = 3*x + 4*j, -5*x = -4*x - 2*j - 5. Suppose 0 = 3*g + 5*i, i - x = -2*g - 2. Suppose 0 = -g*c + 94 + 31. What is the tens digit of c?
2
Suppose 0 = -7*b + 21 + 21. What is the tens digit of b + 93 + 5 + -5?
9
Suppose 4*l + 22 = 2*n - 58, l + 2 = -4*n. Suppose 7*u = -91 - 847. What is the tens digit of u/(-3) + 12/l?
4
Let u(w) = 36*w - 171. Let k be u(5). Suppose -11749 = -k*o - 1966. What is the thousands digit of o?
1
Suppose 0 = i + 2*k, -5*i + k + 1 = -10. Let u be -4*i/4*(2 - 6). Suppose -74 = -p - u. What is the units digit of p?
6
Let k(y) = 28*y**3 - 10*y**2 - 12*y + 40. What is the hundreds digit of k(6)?
6
What is the thousands digit of 4030 + (-11 - 139)/(-10)?
4
Let w = 1590 - 264. Let b = 1880 - w. What is the tens digit of b?
5
Suppose 4*b - 111743 = -5*x, -x = b - 3*b - 22329. What is the tens digit of x?
4
Suppose 14964 = 4*t - 3*w, -9*t + 4*w = -7*t - 7482. What is the hundreds digit of t?
7
Let b(h) = -8*h**3 - 2*h**2 + 13*h + 25. Let j be (12 + -15)*(1 - 1/(-3)). What is the units digit of b(j)?
3
Let a(r) = -r**2 + 10*r - 10. Let m be 129/15 - 6/(-15). Let v be a(m). What is the hundreds digit of ((-9)/3)/v + -6 + 132?
1
Suppose 102*x - 5553948 = 10*x. What is the ten thousands digit of x?
6
Suppose -7 = 3*t - 1. Let s be (72/(-27))/(1*t/(-6)). What is the tens digit of 4 - (-52)/s*-2?
1
Suppose -7291 = 2*k + 2*b - 76503, -3*b - 69202 = -2*k. What is the hundreds digit of k?
6
Let a(t) = 253*t**2 + 69*t - 368. What is the hundreds digit of a(5)?
3
Let v(r) = r - 1. Let l be v(6). Suppose -3*g - 3914 = -l*n, -30*g - 3115 = -4*n - 33*g. What is the hundreds digit of n?
7
Suppose -4*q + 16 = -3*n, -4*q - 1 + 17 = 3*n. Suppose -3*m + 681 = 2*j, 3*j - 4*m - 618 - 395 = n. What is the hundreds digit of j?
3
Let t(p) be the third derivative of -p**8/6720 + 19*p**5/40 + 3*p**4/8 - 18*p**2. Let l(v) be the second derivative of t(v). What is the units digit of l(0)?